{"id":74,"date":"2025-01-19T16:49:02","date_gmt":"2025-01-19T15:49:02","guid":{"rendered":"https:\/\/kamitis.fr\/?page_id=74"},"modified":"2025-08-01T20:38:00","modified_gmt":"2025-08-01T18:38:00","slug":"74-2","status":"publish","type":"page","link":"https:\/\/kamitis.fr\/","title":{"rendered":"(pas de titre)"},"content":{"rendered":"\n<h1>\n\t\t\tVotre copilote pour le succ\u00e8s de vos projets\t<\/h1>\n<h2>\n\t\t\tComment pouvons-nous vous aider\t<\/h2>\n\t<ul>\n<li>Veille Strat\u00e9gique et Concurrentielle<\/li>\n<li>Due Diligence<\/li>\n<li>Etudes de March\u00e9s<\/li>\n<\/ul>\n\t<ul>\n<li>Financement de l&#8217;Innovation<\/li>\n<li>Strat\u00e9gies d&#8217;Innovation<\/li>\n<li>Nouveaux Mod\u00e8les Economiques<\/li>\n<\/ul>\n\t<ul>\n<li>D\u00e9veloppement d&#8217;agents IA<\/li>\n<li>Am\u00e9lioration des Processus<\/li>\n<li>Mise en \u0152uvre de nouveaux outils<\/li>\n<\/ul>\n\t<ul>\n<li>Diagnostics d&#8217;impacts<\/li>\n<li>Financement des projets d&#8217;\u00e9co-innovation<\/li>\n<li>Mise en \u0153uvre des solutions<\/li>\n<\/ul>\n<h2>\n\t\t\tIls nous font confiance\t<\/h2>\n\t\t\t\t<img decoding=\"async\" src=\"http:\/\/kamitis.fr\/wp-content\/uploads\/2025\/07\/slide2_image2_bw_square_transparent.png\" alt=\"slide2_image2_bw_square_transparent\" itemprop=\"image\" title=\"slide2_image2_bw_square_transparent\" onerror=\"this.style.display='none'\" loading='lazy' \/>\n\t\t\t\t<img decoding=\"async\" src=\"http:\/\/kamitis.fr\/wp-content\/uploads\/2025\/07\/slide2_image8_bw_square_transparent.png\" alt=\"slide2_image8_bw_square_transparent\" itemprop=\"image\" title=\"slide2_image8_bw_square_transparent\" onerror=\"this.style.display='none'\" loading='lazy' \/>\n\t\t\t\t<img decoding=\"async\" src=\"http:\/\/kamitis.fr\/wp-content\/uploads\/2025\/07\/slide2_image21_bw_square_transparent.png\" alt=\"slide2_image21_bw_square_transparent\" itemprop=\"image\" title=\"slide2_image21_bw_square_transparent\" onerror=\"this.style.display='none'\" loading='lazy' \/>\n\t\t\t\t<img decoding=\"async\" src=\"http:\/\/kamitis.fr\/wp-content\/uploads\/2025\/07\/slide2_image9_bw_square_transparent.png\" alt=\"slide2_image9_bw_square_transparent\" itemprop=\"image\" title=\"slide2_image9_bw_square_transparent\" onerror=\"this.style.display='none'\" loading='lazy' \/>\n\t\t\t\t<img decoding=\"async\" src=\"http:\/\/kamitis.fr\/wp-content\/uploads\/2025\/07\/slide2_image12_bw_square_transparent.png\" alt=\"slide2_image12_bw_square_transparent\" itemprop=\"image\" title=\"slide2_image12_bw_square_transparent\" onerror=\"this.style.display='none'\" loading='lazy' \/>\n\t\t\t\t<img decoding=\"async\" src=\"http:\/\/kamitis.fr\/wp-content\/uploads\/2025\/07\/slide2_image4_bw_square_transparent.png\" alt=\"slide2_image4_bw_square_transparent\" itemprop=\"image\" title=\"slide2_image4_bw_square_transparent\" onerror=\"this.style.display='none'\" loading='lazy' \/>\n\t\t\t\t<img decoding=\"async\" src=\"http:\/\/kamitis.fr\/wp-content\/uploads\/2025\/07\/slide2_image6_bw_square_transparent.png\" alt=\"slide2_image6_bw_square_transparent\" itemprop=\"image\" title=\"slide2_image6_bw_square_transparent\" onerror=\"this.style.display='none'\" loading='lazy' \/>\n\t\t\t\t<img decoding=\"async\" src=\"http:\/\/kamitis.fr\/wp-content\/uploads\/2025\/07\/slide2_image17_bw_square_transparent.png\" alt=\"slide2_image17_bw_square_transparent\" itemprop=\"image\" title=\"slide2_image17_bw_square_transparent\" onerror=\"this.style.display='none'\" loading='lazy' \/>\n\t\t\t\t<img decoding=\"async\" src=\"http:\/\/kamitis.fr\/wp-content\/uploads\/2025\/07\/slide3_image38_bw_square_transparent.png\" alt=\"slide3_image38_bw_square_transparent\" itemprop=\"image\" title=\"slide3_image38_bw_square_transparent\" onerror=\"this.style.display='none'\" loading='lazy' \/>\n\t\t\t\t<img decoding=\"async\" src=\"http:\/\/kamitis.fr\/wp-content\/uploads\/2025\/07\/slide2_image5_bw_square_transparent.png\" alt=\"slide2_image5_bw_square_transparent\" itemprop=\"image\" title=\"slide2_image5_bw_square_transparent\" onerror=\"this.style.display='none'\" loading='lazy' \/>\n\t\t\t\t<img decoding=\"async\" src=\"http:\/\/kamitis.fr\/wp-content\/uploads\/2025\/07\/slide2_image22_bw_square_transparent.png\" alt=\"slide2_image22_bw_square_transparent\" itemprop=\"image\" title=\"slide2_image22_bw_square_transparent\" onerror=\"this.style.display='none'\" loading='lazy' \/>\n\t\t\t\t<img decoding=\"async\" src=\"http:\/\/kamitis.fr\/wp-content\/uploads\/2025\/07\/slide2_image14_bw_square_transparent.png\" alt=\"slide2_image14_bw_square_transparent\" itemprop=\"image\" title=\"slide2_image14_bw_square_transparent\" onerror=\"this.style.display='none'\" loading='lazy' \/>\n\t\t\t\t<img decoding=\"async\" src=\"http:\/\/kamitis.fr\/wp-content\/uploads\/2025\/07\/slide2_image10_bw_square_transparent.png\" alt=\"slide2_image10_bw_square_transparent\" itemprop=\"image\" title=\"slide2_image10_bw_square_transparent\" onerror=\"this.style.display='none'\" loading='lazy' \/>\n\t\t\t\t<img decoding=\"async\" src=\"http:\/\/kamitis.fr\/wp-content\/uploads\/2025\/07\/slide2_image20_bw_square_transparent.png\" alt=\"slide2_image20_bw_square_transparent\" itemprop=\"image\" title=\"slide2_image20_bw_square_transparent\" onerror=\"this.style.display='none'\" loading='lazy' \/>\n\t\t\t\t<img decoding=\"async\" src=\"http:\/\/kamitis.fr\/wp-content\/uploads\/2025\/07\/slide2_image16_bw_square_transparent.png\" alt=\"slide2_image16_bw_square_transparent\" itemprop=\"image\" title=\"slide2_image16_bw_square_transparent\" onerror=\"this.style.display='none'\" loading='lazy' \/>\n\t\t\t\t<img decoding=\"async\" src=\"http:\/\/kamitis.fr\/wp-content\/uploads\/2025\/07\/Visuel_Kamitis.png\" alt=\"Visuel_Kamitis\" itemprop=\"image\" title=\"Visuel_Kamitis\" onerror=\"this.style.display='none'\" loading='lazy' \/>\n<h2>\n\t\t\tBoostez et d\u00e9risquez vos projets\t<\/h2>\n\t<p><strong data-start=\"190\" data-end=\"238\">Anticipez, innovez et transformez durablement.<\/strong><\/p>\n<p>Nous vous accompagnons \u00e0 chaque \u00e9tape de vos projets pour maximiser vos chances de succ\u00e8s et limiter les risques.<\/p>\n<p>Gr\u00e2ce \u00e0 notre approche int\u00e9gr\u00e9e, nous combinons <strong data-start=\"408\" data-end=\"430\">veille strat\u00e9gique<\/strong>, <strong data-start=\"432\" data-end=\"452\">\u00e9tudes de march\u00e9<\/strong> et <strong data-start=\"456\" data-end=\"473\">due diligence<\/strong> pour \u00e9clairer vos d\u00e9cisions. Nous activons les leviers du <strong data-start=\"532\" data-end=\"562\" data-is-only-node=\"\">management de l&#8217;innovation<\/strong> et vous aidons \u00e0 mobiliser les <strong data-start=\"594\" data-end=\"618\">financements adapt\u00e9s<\/strong> pour concr\u00e9tiser vos ambitions. En int\u00e9grant les <strong data-start=\"668\" data-end=\"689\">technologies d&#8217;IA<\/strong> et les outils digitaux les plus avanc\u00e9s, nous optimisons vos processus m\u00e9tier. Enfin, nous ancrons vos d\u00e9marches dans une logique d&#8217;<strong data-start=\"822\" data-end=\"840\">\u00e9co-conception<\/strong>, en \u00e9valuant vos impacts et en pilotant des projets d&#8217;<strong data-start=\"895\" data-end=\"913\">\u00e9co-innovation<\/strong> \u00e0 forte valeur ajout\u00e9e.<\/p>\n<p>Avec nous, donnez \u00e0 vos projets l&#8217;impulsion strat\u00e9gique, technologique et durable dont ils ont besoin.<\/p>\n<h2>\n\t\t\tContactez-Nous\t<\/h2>\n\t\n<div class=\"wpcf7 no-js\" id=\"wpcf7-f184-o1\" lang=\"fr-FR\" dir=\"ltr\" data-wpcf7-id=\"184\">\n<div class=\"screen-reader-response\"><p role=\"status\" aria-live=\"polite\" aria-atomic=\"true\"><\/p> <ul><\/ul><\/div>\n<form action=\"\/index.php\/wp-json\/wp\/v2\/pages\/74#wpcf7-f184-o1\" method=\"post\" class=\"wpcf7-form init\" aria-label=\"Formulaire de contact\" novalidate=\"novalidate\" data-status=\"init\">\n<fieldset class=\"hidden-fields-container\"><input type=\"hidden\" name=\"_wpcf7\" value=\"184\" \/><input type=\"hidden\" name=\"_wpcf7_version\" value=\"6.1\" \/><input type=\"hidden\" name=\"_wpcf7_locale\" value=\"fr_FR\" \/><input type=\"hidden\" name=\"_wpcf7_unit_tag\" value=\"wpcf7-f184-o1\" \/><input type=\"hidden\" name=\"_wpcf7_container_post\" value=\"0\" \/><input type=\"hidden\" name=\"_wpcf7_posted_data_hash\" value=\"\" \/>\n<\/fieldset>\n<p><label> Votre nom*<br \/>\n<span class=\"wpcf7-form-control-wrap\" data-name=\"your-name\"><input size=\"40\" maxlength=\"400\" class=\"wpcf7-form-control wpcf7-text wpcf7-validates-as-required\" autocomplete=\"name\" aria-required=\"true\" aria-invalid=\"false\" value=\"\" type=\"text\" name=\"your-name\" \/><\/span> <\/label>\n<\/p>\n<p><label> Votre e-mail*<br \/>\n<span class=\"wpcf7-form-control-wrap\" data-name=\"your-email\"><input size=\"40\" maxlength=\"400\" class=\"wpcf7-form-control wpcf7-email wpcf7-validates-as-required wpcf7-text wpcf7-validates-as-email\" autocomplete=\"email\" aria-required=\"true\" aria-invalid=\"false\" value=\"\" type=\"email\" name=\"your-email\" \/><\/span> <\/label>\n<\/p>\n<p><label> Objet*<br \/>\n<span class=\"wpcf7-form-control-wrap\" data-name=\"your-subject\"><input size=\"40\" maxlength=\"400\" class=\"wpcf7-form-control wpcf7-text wpcf7-validates-as-required\" aria-required=\"true\" aria-invalid=\"false\" value=\"\" type=\"text\" name=\"your-subject\" \/><\/span> <\/label>\n<\/p>\n<p><label> Votre message*<br \/>\n<span class=\"wpcf7-form-control-wrap\" data-name=\"your-message\"><textarea cols=\"40\" rows=\"10\" maxlength=\"2000\" class=\"wpcf7-form-control wpcf7-textarea wpcf7-validates-as-required\" aria-required=\"true\" aria-invalid=\"false\" name=\"your-message\"><\/textarea><\/span> <\/label>\n<\/p>\n<p><input class=\"wpcf7-form-control wpcf7-submit has-spinner\" type=\"submit\" value=\"Envoyer\" \/>\n<\/p><div class=\"wpcf7-response-output\" aria-hidden=\"true\"><\/div>\n<\/form>\n<\/div>\n\n\n","protected":false},"excerpt":{"rendered":"<p>Votre copilote pour le succ\u00e8s de vos projets Comment pouvons-nous vous aider Veille Strat\u00e9gique et Concurrentielle Due Diligence Etudes de March\u00e9s Financement de l&#8217;Innovation Strat\u00e9gies d&#8217;Innovation Nouveaux Mod\u00e8les Economiques D\u00e9veloppement d&#8217;agents IA Am\u00e9lioration des Processus Mise en \u0152uvre de nouveaux outils Diagnostics d&#8217;impacts Financement des projets d&#8217;\u00e9co-innovation Mise en \u0153uvre des solutions Ils nous font [&hellip;]<\/p>\n","protected":false},"author":1,"featured_media":0,"parent":0,"menu_order":0,"comment_status":"closed","ping_status":"closed","template":"","meta":{"footnotes":""},"class_list":["post-74","page","type-page","status-publish","hentry"],"_links":{"self":[{"href":"https:\/\/kamitis.fr\/index.php\/wp-json\/wp\/v2\/pages\/74","targetHints":{"allow":["GET"]}}],"collection":[{"href":"https:\/\/kamitis.fr\/index.php\/wp-json\/wp\/v2\/pages"}],"about":[{"href":"https:\/\/kamitis.fr\/index.php\/wp-json\/wp\/v2\/types\/page"}],"author":[{"embeddable":true,"href":"https:\/\/kamitis.fr\/index.php\/wp-json\/wp\/v2\/users\/1"}],"replies":[{"embeddable":true,"href":"https:\/\/kamitis.fr\/index.php\/wp-json\/wp\/v2\/comments?post=74"}],"version-history":[{"count":26,"href":"https:\/\/kamitis.fr\/index.php\/wp-json\/wp\/v2\/pages\/74\/revisions"}],"predecessor-version":[{"id":197,"href":"https:\/\/kamitis.fr\/index.php\/wp-json\/wp\/v2\/pages\/74\/revisions\/197"}],"wp:attachment":[{"href":"https:\/\/kamitis.fr\/index.php\/wp-json\/wp\/v2\/media?parent=74"}],"curies":[{"name":"wp","href":"https:\/\/api.w.org\/{rel}","templated":true}]}}